or of 105528150 and 1625.
325
Calculate the highest common factor of 21373 and 1746690.
737
What is the highest common divisor of 140 and 3103030?
70
Calculate the greatest common divisor of 8785081 and 404.
101
Calculate the greatest common factor of 198560 and 5140.
20
Calculate the greatest common divisor of 288982 and 37298270.
4898
What is the greatest common divisor of 473790 and 425?
85
Calculate the highest common divisor of 157608 and 1323036.
396
What is the highest common factor of 28 and 89894908?
4
Calculate the highest common factor of 1469215 and 7535.
55
What is the greatest common divisor of 71139 and 2885769?
3093
Calculate the greatest common factor of 158507016 and 72.
24
What is the highest common divisor of 40524913 and 68211?
7579
What is the greatest common factor of 6789 and 63395?
31
What is the greatest common factor of 134716335 and 235?
235
Calculate the greatest common divisor of 666 and 7408584.
666
Calculate the greatest common factor of 13457136 and 192.
48
Calculate the greatest common factor of 213026 and 396704.
506
Calculate the highest common factor of 1807 and 13642850.
1807
Calculate the greatest common factor of 2419 and 201060023.
2419
What is the highest common divisor of 824216265 and 45?
45
What is the highest common factor of 3972345 and 985643?
1567
What is the greatest common divisor of 1712093532 and 10271?
10271
Calculate the greatest common divisor of 158418 and 130.
26
Calculate the greatest common factor of 4424739 and 3705.
57
What is the greatest common divisor of 157 and 36673787?
157
Calculate the greatest common divisor of 2645743339 and 227.
227
Calculate the greatest common factor of 20601876 and 28.
4
Calculate the highest common divisor of 6330 and 20019680.
2110
Calculate the highest common divisor of 291104387 and 7.
7
What is the highest common divisor of 9316424 and 8671?
377
Calculate the greatest common divisor of 1432 and 8640.
8
What is the highest common divisor of 25083842 and 938?
14
Calculate the greatest common factor of 1716 and 114290176.
572
What is the greatest common factor of 58890 and 121102?
302
What is the greatest common factor of 312 and 6102213?
39
Calculate the highest common factor of 152495 and 3374.
7
What is the highest common factor of 1657596 and 34122?
282
What is the greatest common divisor of 80 and 2221640?
40
Calculate the highest common divisor of 3371855 and 15.
5
What is the highest common factor of 1416925 and 41800?
475
Calculate the highest common factor of 624 and 59083232.
208
What is the highest common factor of 259020 and 14778?
18
What is the greatest common factor of 3292150 and 350?
50
What is the highest common factor of 140 and 186218420?
20
Calculate the greatest common divisor of 2591120 and 14.
14
What is the highest common divisor of 49841 and 85892?
197
What is the highest common factor of 27649 and 5208943?
643
What is the highest common factor of 4032 and 4808664?
504
Calculate the greatest common factor of 5370151 and 103628.
3701
Calculate the greatest common factor of 85104 and 403812.
108
What is the greatest common factor of 26529 and 563323?
239
Calculate the greatest common factor of 23628404 and 6674.
94
Calculate the highest common divisor of 162795063 and 1422.
237
What is the greatest common divisor of 887040 and 1440120?
1320
What is the highest common divisor of 21152 and 261856?
32
Calculate the greatest common factor of 7266037 and 116.
29
Calculate the greatest common factor of 9668 and 356.
4
Calculate the greatest common factor of 84 and 78324064.
28
Calculate the highest common divisor of 16289 and 32312.
7
Calculate the greatest common divisor of 44448766 and 3182.
74
Calculate the greatest common divisor of 6620 and 515600.
20
Calculate the greatest common divisor of 31462 and 3044.
2
What is the highest common factor of 1426 and 14015234?
46
Calculate the highest common divisor of 2006 and 596722814.
2006
Calculate the highest common factor of 15283653 and 34989.
327
Calculate the highest common factor of 95407 and 14990534.
2327
Calculate the highest common divisor of 2186574 and 82450.
3298
Calculate the greatest common factor of 40 and 9783980.
20
Calculate the greatest common factor of 559 and 11387051.
13
What is the highest common divisor of 162515 and 45?
5
What is the highest common divisor of 77131 and 28733268?
563
What is the highest common divisor of 2232 and 3464808?
744
Calculate the highest common divisor of 17357 and 2703952.
17
What is the greatest common divisor of 108417 and 246228?
213
Calculate the greatest common factor of 142691 and 1178446.
293
Calculate the highest common divisor of 10295586 and 6678.
126
What is the greatest common factor of 29298 and 7771?
19
Calculate the greatest common divisor of 2377 and 19367.
1
What is the highest common divisor of 36778 and 128794?
142
What is the highest common factor of 13650 and 21966360?
390
Calculate the greatest common factor of 7396 and 1118.
86
Calculate the greatest common divisor of 7098 and 153741497.
1183
What is the highest common factor of 132 and 1682362?
22
What is the highest common factor of 535323 and 2427?
3
What is the greatest common factor of 58130419 and 103?
103
What is the greatest common factor of 9642 and 100656?
6
Calculate the greatest common divisor of 1664980 and 148736.
332
What is the greatest common divisor of 2346 and 8280414?
138
What is the greatest common divisor of 5622898 and 518738?
2774
Calculate the highest common divisor of 335482 and 8029.
217
Calculate the highest common factor of 1808 and 8578508.
452
What is the greatest common divisor of 199669862 and 272?
34
What is the highest common divisor of 357 and 4266371?
17
Calculate the highest common divisor of 7364 and 25959941.
1841
Calculate the greatest common factor of 417204 and 27108.
108
Calculate the highest common factor of 586867862 and 28.
14
What is the highest common divisor of 5412 and 38544?
132
Calculate the highest common divisor of 9741310 and 80.
10
What is the highest common factor of 11582 and 3722?
2
Calculate the highest common factor of 5497902 and 153.
153
Calculate the greatest common divisor of 195 and 2676453.
39
Calculate the highest common factor of 613431 and 4797.
117
Calculate the highest common divisor of 66155 and 153823.
101
What is the greatest common factor of 979664 and 9232?
16
Calculate the highest common divisor of 106385460 and 57900.
11580
What is the highest common factor of 85089 and 5020?
251
What is the greatest common factor of 18312 and 11571658?
1526
What is the greatest common factor of 9676 and 4130236?
236
What is the highest common divisor of 4088 and 4546808?
56
Calculate the highest common factor of 4224620 and 60.
20
What is the highest common divisor of 66395 and 135?
5
What is the highest common divisor of 709627 and 7729?
131
What is the greatest common factor of 54010 and 1528974?
982
What is the greatest common factor of 2736199 and 1692?
47
What is the greatest common divisor of 2408 and 1169420?
28
Calculate the highest common factor of 2101987 and 2043463.
4877
Calculate the greatest common factor of 155967 and 73209.
3183
Calculate the highest common divisor of 27847896 and 96672.
1272
What is the highest common factor of 477733 and 21298?
23
Calculate the greatest common divisor of 50979606 and 6024.
1506
What is the highest common divisor of 4866 and 1861512?
6
What is the greatest common factor of 38222 and 30798?
58
Calculate the highest common divisor of 4880 and 944496.
16
What is the highest common divisor of 101374 and 5978?
14
What is the highest common divisor of 3918148 and 168818?
3926
What is the highest common factor of 178251350 and 475?
475
Calculate the highest common factor of 1379965 and 817191.
899
What is the highest common divisor of 55029 and 220779?
663
Calculate the greatest common factor of 1517 and 133209.
41
What is the highest common factor of 1176 and 65655888?
24
What is the highest common factor of 1630638 and 246?
6
What is the highest common factor of 2193 and 3224097?
129
What is the highest common factor of 130129 and 1554?
37
What is the greatest common factor of 343283156 and 4?
4
Calculate the greatest common factor of 300244829 and 